289?
286
Calculate the remainder when 27892 is divided by 155.
147
Calculate the remainder when 38084 is divided by 67.
28
Calculate the remainder when 805 is divided by 757.
48
What is the remainder when 6228 is divided by 263?
179
What is the remainder when 311077 is divided by 27?
10
What is the remainder when 3095 is divided by 73?
29
Calculate the remainder when 23828 is divided by 141.
140
Calculate the remainder when 7821 is divided by 12.
9
What is the remainder when 456720 is divided by 41519?
11
Calculate the remainder when 2534 is divided by 20.
14
What is the remainder when 18722 is divided by 302?
300
What is the remainder when 82444 is divided by 546?
544
Calculate the remainder when 37127 is divided by 4125.
2
What is the remainder when 285857 is divided by 16815?
2
What is the remainder when 3033 is divided by 196?
93
What is the remainder when 3274 is divided by 1631?
12
What is the remainder when 3360 is divided by 416?
32
What is the remainder when 60463 is divided by 3181?
24
What is the remainder when 66934 is divided by 1716?
10
What is the remainder when 190 is divided by 44?
14
Calculate the remainder when 8828 is divided by 419.
29
Calculate the remainder when 1067278 is divided by 80.
78
What is the remainder when 8061 is divided by 3737?
587
What is the remainder when 15477 is divided by 26?
7
Calculate the remainder when 3106 is divided by 773.
14
What is the remainder when 11191 is divided by 58?
55
Calculate the remainder when 18114 is divided by 728.
642
What is the remainder when 157562 is divided by 115?
12
Calculate the remainder when 25812 is divided by 215.
12
Calculate the remainder when 14295 is divided by 3519.
219
Calculate the remainder when 9419 is divided by 3071.
206
What is the remainder when 33111 is divided by 1696?
887
Calculate the remainder when 3439 is divided by 100.
39
Calculate the remainder when 325826 is divided by 209.
204
What is the remainder when 215574 is divided by 144?
6
What is the remainder when 28773 is divided by 126?
45
Calculate the remainder when 18144 is divided by 121.
115
Calculate the remainder when 29568 is divided by 455.
448
Calculate the remainder when 1057849 is divided by 566.
561
Calculate the remainder when 6642 is divided by 121.
108
Calculate the remainder when 116658 is divided by 380.
378
What is the remainder when 20794 is divided by 31?
24
What is the remainder when 16597 is divided by 16547?
50
Calculate the remainder when 6432 is divided by 180.
132
What is the remainder when 1182102 is divided by 77?
75
Calculate the remainder when 2299 is divided by 457.
14
What is the remainder when 1559 is divided by 1546?
13
What is the remainder when 249792 is divided by 12?
0
What is the remainder when 487401 is divided by 31?
19
What is the remainder when 5015 is divided by 2505?
5
What is the remainder when 9918477 is divided by 374?
371
What is the remainder when 1064 is divided by 182?
154
Calculate the remainder when 39719 is divided by 40.
39
What is the remainder when 6002 is divided by 939?
368
Calculate the remainder when 3724 is divided by 3693.
31
What is the remainder when 19073 is divided by 6323?
104
Calculate the remainder when 8896 is divided by 8893.
3
Calculate the remainder when 14549 is divided by 14535.
14
Calculate the remainder when 7795 is divided by 106.
57
Calculate the remainder when 100116 is divided by 8.
4
What is the remainder when 7934157 is divided by 8?
5
Calculate the remainder when 5300 is divided by 38.
18
What is the remainder when 42986 is divided by 623?
622
Calculate the remainder when 1614058 is divided by 2205.
2203
Calculate the remainder when 2440 is divided by 230.
140
What is the remainder when 15915 is divided by 42?
39
Calculate the remainder when 35105 is divided by 495.
455
What is the remainder when 2210 is divided by 37?
27
Calculate the remainder when 29558 is divided by 9847.
17
Calculate the remainder when 5647 is divided by 28.
19
What is the remainder when 45616 is divided by 1189?
434
What is the remainder when 27314 is divided by 59?
56
What is the remainder when 4643 is divided by 2302?
39
What is the remainder when 7873618 is divided by 247?
246
What is the remainder when 119541 is divided by 335?
281
What is the remainder when 458 is divided by 99?
62
Calculate the remainder when 15691 is divided by 682.
5
What is the remainder when 211930 is divided by 7064?
10
What is the remainder when 460518 is divided by 545?
538
Calculate the remainder when 986 is divided by 332.
322
What is the remainder when 56749 is divided by 9458?
1
What is the remainder when 33344 is divided by 135?
134
What is the remainder when 1098 is divided by 996?
102
What is the remainder when 31132 is divided by 321?
316
Calculate the remainder when 5373 is divided by 4752.
621
What is the remainder when 468188 is divided by 111?
101
What is the remainder when 2199 is divided by 425?
74
Calculate the remainder when 14542 is divided by 1615.
7
What is the remainder when 71536 is divided by 156?
88
What is the remainder when 8146 is divided by 383?
103
What is the remainder when 4448 is divided by 1125?
1073
What is the remainder when 34839 is divided by 52?
51
What is the remainder when 222836 is divided by 120?
116
Calculate the remainder when 56000 is divided by 301.
14
Calculate the remainder when 504394 is divided by 52.
46
What is the remainder when 47136 is divided by 3928?
0
What is the remainder when 1746 is divided by 52?
30
Calculate the remainder when 71343 is divided by 66.
63
Calculate the remainder when 58507 is divided by 11.
9
Calculate the remainder when 2831 is divided by 252.
59
What is the remainder when 674839 is divided by 1403?
1399
What is the remainder when 3753 is divided by 74?
53
What is the remainder when 885 is divided by 324?
237
Calculate the remainder when 20023 is divided by 19.
16
Calculate the remainder when 213174 is divided by 14.
10
What is the remainder when 3212 is divided by 224?
76
What is the remainder when 471844 is divided by 373?
372
Calculate the remainder when 444181 is divided by 245.
241
Calculate the remainder when 69664 is divided by 1786.
10
What is the remainder when 469779 is divided by 13?
11
Calculate the remainder when 85287 is divided by 22.
15
What is the remainder when 3287 is divided by 2999?
288
Calculate the remainder when 1593 is divided by 1327.
266
What is the remainder when 83130 is divided by 20?
10
What is the remainder when 85271 is divided by 88?
87
What is the remainder when 63862 is divided by 258?
136
What is the remainder when 24453 is divided by 8149?
6
Calculate the remainder when 1704 is divided by 78.
66
What is the remainder when 3649 is divided by 3622?
27
What is the remainder when 4414 is divided by 202?
172
What is the remainder when 4739 is divided by 237?
236
What is the remainder when 530350 is divided by 39?
28
What is the remainder when 78253 is divided by 1863?
7
What is the remainder when 169 is divided by 36?
25
Calculate the remainder when 12714 is divided by 106.
100
What is the remainder when 24440 is divided by 55?
20
Calculate the remainder when 1495 is divided by 699.
97
Calculate the remainder when 298421 is divided by 28.
25
Calculate the remainder when 40725 is divided by 5090.
5
Calculate the remainder when 82762 is divided by 22.
20
What is the remainder when 765 is divided by 7?
2
Calculate the remainder when 32534 is divided by 15.
14
Calculate the remainder when 14301 is divided by 4767.
0
Calculate the remainder when 18381 is divided by 916.
61
What is the remainder when 299 is divided by 266?
33
What is the remainder when 33878 is divided by 241?
138
What is the remainder when 144820 is divided by 453?
313
What is the remainder when 52712 is divided by 40?
32
What is the remainder when 90210 is divided by 169?
133
What is the remainder when 1426 is divided by 1419?
7
What is the remainder when 2924 is divided by 42?
26
Calculate the remainder when 418 is divided by 94.
42
What is the remainder when 2259 is divided by 8?
3
Calculate the remainder when 6371 is divided by 1041.
125
Calculate the remainder when 45276 is divided by 74.
62
Calculate the remainder when 7151 is divided by 76.
7
What is the remainder when 1654 is 